List the prime factors of 1642444634.
2, 821222317
What are the prime factors of 90993655?
5, 4261, 4271
What are the prime factors of 2203045166?
2, 7, 157360369
List the prime factors of 136391033.
211, 646403
List the prime factors of 182359140.
2, 3, 5, 3039319
List the prime factors of 246479780.
2, 5, 19, 648631
What are the prime factors of 2941411512?
2, 3, 13, 9427601
What are the prime factors of 503293955?
5, 100658791
What are the prime factors of 2574283841?
103, 137, 182431
List the prime factors of 28731562.
2, 1229, 11689
List the prime factors of 815076921.
3, 23, 11812709
What are the prime factors of 403199385?
3, 5, 139, 193381
What are the prime factors of 60095269?
13, 53, 87221
List the prime factors of 1391326027.
7, 13, 15289297
List the prime factors of 159799875.
3, 5, 359, 1187
List the prime factors of 137753746.
2, 13, 179, 29599
What are the prime factors of 115804439?
149, 193, 4027
List the prime factors of 1155777283.
17, 1231, 55229
List the prime factors of 144090041.
139, 1036619
List the prime factors of 6014540361.
3, 31, 64672477
List the prime factors of 37876556.
2, 53, 3371
What are the prime factors of 16093372?
2, 37, 108739
List the prime factors of 4710678.
2, 3, 7, 59, 1901
What are the prime factors of 581156702?
2, 7, 239, 173687
What are the prime factors of 3948934557?
3, 37, 41, 251, 3457
List the prime factors of 192863028.
2, 3, 17, 31, 30497
List the prime factors of 1195083506.
2, 2999, 199247
What are the prime factors of 578766511?
71, 149, 54709
List the prime factors of 7178316.
2, 3, 598193
List the prime factors of 24390632.
2, 7, 43, 1447
List the prime factors of 18531179.
18531179
What are the prime factors of 313183075?
5, 12527323
List the prime factors of 150525604.
2, 37631401
What are the prime factors of 363051459?
3, 139, 290209
List the prime factors of 134194243.
17, 7893779
List the prime factors of 83313982.
2, 41656991
List the prime factors of 45776420.
2, 5, 2288821
List the prime factors of 74076229.
43, 227, 7589
What are the prime factors of 77637870?
2, 3, 5, 229, 3767
What are the prime factors of 202021617?
3, 7, 251, 38327
What are the prime factors of 8247207?
3, 2749069
List the prime factors of 1447245975.
3, 5, 7, 2756659
List the prime factors of 6086524044.
2, 3, 507210337
List the prime factors of 673612446.
2, 3, 13, 8636057
List the prime factors of 1832336860.
2, 5, 23, 3983341
What are the prime factors of 1293442123?
6091, 212353
What are the prime factors of 709963182?
2, 3, 39442399
List the prime factors of 115720321.
97, 449, 2657
List the prime factors of 798854394.
2, 3, 13, 47, 217909
What are the prime factors of 22235187?
3, 13, 19, 37, 811
List the prime factors of 77693953.
77693953
List the prime factors of 93250466.
2, 67, 695899
List the prime factors of 52805531.
59, 895009
What are the prime factors of 3943067361?
3, 1314355787
List the prime factors of 444480225.
3, 5, 7, 120947
List the prime factors of 182304416.
2, 7, 163, 4993
What are the prime factors of 173059245?
3, 5, 23, 271, 617
What are the prime factors of 158802763?
7, 17, 1334477
What are the prime factors of 7116162284?
2, 7, 11, 23104423
What are the prime factors of 7991276?
2, 179, 11161
What are the prime factors of 1605658932?
2, 3, 47, 948971
What are the prime factors of 48926214?
2, 3, 67, 13523
What are the prime factors of 54063913?
54063913
What are the prime factors of 1593966414?
2, 3, 53, 5012473
What are the prime factors of 8841046?
2, 4420523
What are the prime factors of 43082134?
2, 37, 293, 1987
What are the prime factors of 27963635?
5, 7, 798961
List the prime factors of 28752334.
2, 13, 269, 4111
What are the prime factors of 73364111?
19, 3861269
List the prime factors of 7099800157.
881, 8058797
What are the prime factors of 304624551?
3, 7, 11, 1318721
What are the prime factors of 1262453563?
7, 180350509
What are the prime factors of 16079914?
2, 983, 8179
What are the prime factors of 493222988?
2, 123305747
What are the prime factors of 87983287?
7, 12569041
List the prime factors of 396047535.
3, 5, 13, 53, 38321
What are the prime factors of 60211774?
2, 7, 137, 31393
What are the prime factors of 68423931?
3, 2129, 3571
List the prime factors of 476321279.
7, 19, 3581363
List the prime factors of 2331123221.
7, 53, 6283351
List the prime factors of 3022630047.
3, 111949261
What are the prime factors of 13273232?
2, 7, 37, 3203
List the prime factors of 2094156067.
17, 2593, 47507
List the prime factors of 4655811147.
3, 13, 4591, 26003
What are the prime factors of 203948990?
2, 5, 7, 181, 16097
List the prime factors of 5973897892.
2, 1493474473
List the prime factors of 1001287109.
1001287109
List the prime factors of 50641825.
5, 13, 155821
What are the prime factors of 36717545?
5, 23, 139, 2297
List the prime factors of 824096089.
824096089
What are the prime factors of 4280796?
2, 3, 13, 3049
What are the prime factors of 21912871?
19, 1153309
List the prime factors of 4261460481.
3, 317, 1493677
List the prime factors of 1040659722.
2, 3, 29, 1993601
List the prime factors of 33639249.
3, 7, 1601869
List the prime factors of 904277134.
2, 73, 79, 78401
List the prime factors of 708006392.
2, 89, 994391
What are the prime factors of 53518244?
2, 13, 17, 4657
List the prime factors of 720701490.
2, 3, 5, 24023383
What are the prime factors of 836285523?
3, 47, 1151, 5153
What are the prime factors of 31784105?
5, 6356821
What are the prime factors of 517170656?
2, 79, 149, 1373
What are the prime factors of 28164444?
2, 3, 7, 11, 17, 163
What are the prime factors of 105748378?
2, 31, 67, 25457
List the prime factors of 69718699.
1613, 43223
List the prime factors of 16009051.
31, 516421
List the prime factors of 174916967.
67, 2610701
What are the prime factors of 16325552?
2, 43, 61, 389
What are the prime factors of 113533063?
7, 2861, 5669
List the prime factors of 242517797.
242517797
What are the prime factors of 858357177?
3, 286119059
List the prime factors of 686634550.
2, 5, 7, 40037
What are the prime factors of 24134804?
2, 37, 313, 521
What are the prime factors of 38050902?
2, 3, 2113939
What are the prime factors of 1831051409?
11, 193, 862483
What are the prime factors of 318840684?
2, 3, 26570057
What are the prime factors of 877100833?
7, 277, 64621
What are the prime factors of 57109159?
1367, 41777
What are the prime factors of 290786508?
2, 3, 8077403
What are the prime factors of 69750307?
11, 29, 41, 5333
List the prime factors of 243159737.
243159737
List the prime factors of 937676711.
937676711
What are the prime factors of 701968050?
2, 3, 5, 7, 23, 9689
List the prime factors of 314857577.
53, 607, 9787
List the prime factors of 248295549.
3, 41, 2018663
List the prime factors of 902204670.
2, 3, 5, 23, 37, 35339
What are the prime factors of 769563028?
2, 13, 2731, 5419
List the prime factors of 111412163.
97, 821, 1399
List the prime factors of 534467702.
2, 267233851
What are the prime factors of 13534786?
2, 31, 199, 1097
List the prime factors of 3735079820.
2, 5, 67, 2787373
What are the prime factors of 655721461?
655721461
What are the prime factors of 9728072?
2, 1216009
List the prime factors of 152940163.
67, 239, 9551
What are the prime factors of 1004706074?
2, 502353037
List the prime factors of 166746781.
29, 647, 8887
List the prime factors of 3451225691.
31, 111329861
What are the prime factors of 202048496?
2, 13, 971387
What are the prime factors of 54695020?
2, 5, 821, 3331
List the prime factors of 67308285.
3, 5, 11, 31, 13159
List the prime factors of 60408218.
2, 13, 29, 113, 709
List the prime factors of 397900578.
2, 3, 4127, 16069
List the prime factors of 161804963.
17, 59, 353, 457
What are the prime factors of 796039948?
2, 11, 31, 307, 1901
What are the prime factors of 89727746?
2, 3041, 14753
List the prime factors of 2531593755.
3, 5, 56257639
What are the prime factors of 72516326?
2, 103, 352021
What are the prime factors of 2800555448?
2, 350069431
List the prime factors of 5143341853.
13, 383, 1033007
List the prime factors of 440342491.
440342491
List the prime factors of 77203008.
2, 3, 134033
What are the prime factors of 1826039657?
13, 3221, 43609
What